{"id":46,"date":"2016-08-26T09:51:58","date_gmt":"2016-08-26T09:51:58","guid":{"rendered":"https:\/\/szemlo-hegyi-barlang.hu\/?page_id=46"},"modified":"2024-01-24T17:40:14","modified_gmt":"2024-01-24T17:40:14","slug":"nyitvatartas","status":"publish","type":"page","link":"https:\/\/szemlo-hegyi-barlang.hu\/?page_id=46&lang=hu","title":{"rendered":"Nyitva tart\u00e1s"},"content":{"rendered":"<div>\n<p style=\"color: red;\"><strong style=\"color: #333333;\">A BEMUTAT\u00d3HELY\u00a0 e<\/strong><span style=\"color: #333333;\">g\u00e9sz \u00e9vben, kedd kiv\u00e9tel\u00e9vel minden nap l\u00e1togathat\u00f3.<\/span><\/p>\n<\/div>\n<h3 style=\"text-align: left;\">A t\u00far\u00e1k \u00f3r\u00e1nk\u00e9nt indulnak! Els\u0151 t\u00fara: 10:00, utols\u00f3 t\u00fara: 16:00.<\/h3>\n","protected":false},"excerpt":{"rendered":"<p>A BEMUTAT\u00d3HELY\u00a0 eg\u00e9sz \u00e9vben, kedd kiv\u00e9tel\u00e9vel minden nap l\u00e1togathat\u00f3. A t\u00far\u00e1k \u00f3r\u00e1nk\u00e9nt indulnak! Els\u0151 t\u00fara: 10:00, utols\u00f3 t\u00fara: 16:00.<\/p>\n","protected":false},"author":1,"featured_media":0,"parent":0,"menu_order":0,"comment_status":"closed","ping_status":"closed","template":"","meta":{"footnotes":""},"class_list":["post-46","page","type-page","status-publish","czr-hentry"],"_links":{"self":[{"href":"https:\/\/szemlo-hegyi-barlang.hu\/index.php?rest_route=\/wp\/v2\/pages\/46","targetHints":{"allow":["GET"]}}],"collection":[{"href":"https:\/\/szemlo-hegyi-barlang.hu\/index.php?rest_route=\/wp\/v2\/pages"}],"about":[{"href":"https:\/\/szemlo-hegyi-barlang.hu\/index.php?rest_route=\/wp\/v2\/types\/page"}],"author":[{"embeddable":true,"href":"https:\/\/szemlo-hegyi-barlang.hu\/index.php?rest_route=\/wp\/v2\/users\/1"}],"replies":[{"embeddable":true,"href":"https:\/\/szemlo-hegyi-barlang.hu\/index.php?rest_route=%2Fwp%2Fv2%2Fcomments&post=46"}],"version-history":[{"count":63,"href":"https:\/\/szemlo-hegyi-barlang.hu\/index.php?rest_route=\/wp\/v2\/pages\/46\/revisions"}],"predecessor-version":[{"id":949,"href":"https:\/\/szemlo-hegyi-barlang.hu\/index.php?rest_route=\/wp\/v2\/pages\/46\/revisions\/949"}],"wp:attachment":[{"href":"https:\/\/szemlo-hegyi-barlang.hu\/index.php?rest_route=%2Fwp%2Fv2%2Fmedia&parent=46"}],"curies":[{"name":"wp","href":"https:\/\/api.w.org\/{rel}","templated":true}]}}