{"id":394,"date":"2017-03-06T08:16:51","date_gmt":"2017-03-06T08:16:51","guid":{"rendered":"https:\/\/szemlo-hegyi-barlang.hu\/?page_id=394"},"modified":"2019-02-21T17:25:27","modified_gmt":"2019-02-21T17:25:27","slug":"barlangi-szulinap","status":"publish","type":"page","link":"https:\/\/szemlo-hegyi-barlang.hu\/?page_id=394&lang=hu","title":{"rendered":"Barlangi sz\u00fclinap"},"content":{"rendered":"<p>Sok sz\u00fcl\u0151 szeretn\u00e9 gyermeke sz\u00fclet\u00e9snapj\u00e1t feledhetetlenn\u00e9 tenni egy olyan programmal, vagy helysz\u00ednnel melyr\u0151l gyermeke m\u00e9g sok\u00e1ig \u00f6r\u00f6mmel mes\u00e9l a bar\u00e1tainak.<\/p>\n<p>A\u00a0<u><a href=\"http:\/\/szemlohegyi.hu\/\">Szeml\u0151-hegyi-barlang<\/a><\/u>\u00a0fogad\u00f3-\u00e9p\u00fclet\u00e9ben van arra lehet\u0151s\u00e9g, hogy 4-20 f\u0151 eset\u00e9n sz\u00fclinapi program keret\u00e9ben a gyerekek barlangot l\u00e1togassanak \u00e9s a barlangt\u00fara befejez\u00e9s\u00e9t k\u00f6vet\u0151en, a fogad\u00f3\u00e9p\u00fclet k\u00fcl\u00f6n helyis\u00e9g\u00e9ben elfogyassz\u00e1k a sz\u00fclet\u00e9snapi tort\u00e1t. (ennival\u00f3t \u00e9s innival\u00f3t a sz\u00fcl\u0151k biztos\u00edtanak. Ter\u00edt\u00e9ket adunk) \u00e9s kincset keressenek a barlangban.<\/p>\n<h3><a href=\"https:\/\/barlangiszulinap.hu\/hu\/arajanlatkeres\">Aj\u00e1nlat k\u00e9r\u00e9s<\/a><\/h3>\n<p style=\"text-align: center;\"><strong>A program ideje 2 \u00f3ra.<\/strong><br \/>\n<strong>A barlang h\u0151m\u00e9rs\u00e9klete eg\u00e9sz \u00e9vben 12 C\u00b0<\/strong><br \/>\n<strong>r\u00e9teges \u00f6lt\u00f6zk\u00f6d\u00e9st k\u00e9r\u00fcnk<\/strong><\/p>\n<p>&nbsp;<\/p>\n<p><a href=\"https:\/\/szemlo-hegyi-barlang.hu\/wp-content\/uploads\/2017\/03\/szulinap.png\"><img loading=\"lazy\" decoding=\"async\" class=\"wp-image-395 alignright\" src=\"https:\/\/szemlo-hegyi-barlang.hu\/wp-content\/uploads\/2017\/03\/szulinap.png\" alt=\"\" width=\"431\" height=\"287\" srcset=\"https:\/\/szemlo-hegyi-barlang.hu\/wp-content\/uploads\/2017\/03\/szulinap.png 800w, https:\/\/szemlo-hegyi-barlang.hu\/wp-content\/uploads\/2017\/03\/szulinap-300x200.png 300w, https:\/\/szemlo-hegyi-barlang.hu\/wp-content\/uploads\/2017\/03\/szulinap-768x512.png 768w\" sizes=\"auto, (max-width: 431px) 100vw, 431px\" \/><\/a><\/p>\n<ul>\n<li><strong>5-12 \u00e9ves\u00a0<\/strong>koroszt\u00e1ly sz\u00e1m\u00e1ra tudunk tartalmas programot ny\u00fajtani.<\/li>\n<li>egyszer\u0171 d\u00edsz\u00edt\u00e9st \u00e9s ter\u00edt\u00e9ket az \u00e9tkez\u00e9shez adunk.<\/li>\n<li><strong>kincskeres\u00e9s\u00a0<\/strong>a barlangban. Sz\u00ednes krist\u00e1lyokat rejt\u00fcnk el a barlangban a gyerekek sz\u00e1m\u00e1nak megfelel\u0151en.<\/li>\n<li>barlangt\u00fara a biztons\u00e1gosan ki\u00e9p\u00edtett \u00e9s kivil\u00e1g\u00edtott Szeml\u0151-hegyi-barlangban. Utcai ruh\u00e1ban biztons\u00e1gos betonj\u00e1rd\u00e1n, d\u00edszvil\u00e1g\u00edt\u00e1s mellett s\u00e9t\u00e1lunk. A sz\u00fclinapos csapatok k\u00fcl\u00f6n vezet\u0151t kapnak.<\/li>\n<\/ul>\n<ul>\n<li>id\u0151pont foglalhat\u00f3 \u00a0<strong>p\u00e9ntek-szombat \u00e9s vas\u00e1rnapra<\/strong>.<\/li>\n<\/ul>\n<ul>\n<li>tudunk programot k\u00edn\u00e1lni 4-6 f\u0151, 8-10 f\u0151 eset\u00e9n is.<\/li>\n<\/ul>\n<ul>\n<li>A Szeml\u0151-hegyi-barlang a Duna-Ipoly Nemzeti Park Igazgat\u00f3s\u00e1g\u00e1nak hivatalos bemutat\u00f3helye, a rendezv\u00e9nyeket az Igazgat\u00f3s\u00e1ggal egy\u00fcttm\u0171k\u00f6d\u00e9sben szervezz\u00fck.<\/li>\n<li>K\u00f6rnyezetv\u00e9delmi okb\u00f3l m\u0171anyag, eldobhat\u00f3 ter\u00edt\u00e9ket n\u00e1lunk nem lehet haszn\u00e1lni. Saj\u00e1t ter\u00edt\u00e9ket adunk, melyet a program v\u00e9g\u00e9n elmosogatunk.<\/li>\n<li><strong>k\u00fasz\u00f3s-m\u00e1sz\u00f3s sz\u00fclinapi<\/strong>\u00a0programot is szervez\u00fcnk a M\u00e1ty\u00e1s-hegyi-barlangszakaszba, 10 \u00e9ves kort\u00f3l.<\/li>\n<\/ul>\n","protected":false},"excerpt":{"rendered":"<p>Sok sz\u00fcl\u0151 szeretn\u00e9 gyermeke sz\u00fclet\u00e9snapj\u00e1t feledhetetlenn\u00e9 tenni egy olyan programmal, vagy helysz\u00ednnel melyr\u0151l gyermeke m\u00e9g sok\u00e1ig \u00f6r\u00f6mmel mes\u00e9l a bar\u00e1tainak. A\u00a0Szeml\u0151-hegyi-barlang\u00a0fogad\u00f3-\u00e9p\u00fclet\u00e9ben van arra lehet\u0151s\u00e9g, hogy 4-20 f\u0151 eset\u00e9n sz\u00fclinapi program keret\u00e9ben a gyerekek barlangot l\u00e1togassanak \u00e9s a barlangt\u00fara befejez\u00e9s\u00e9t k\u00f6vet\u0151en, a fogad\u00f3\u00e9p\u00fclet k\u00fcl\u00f6n helyis\u00e9g\u00e9ben elfogyassz\u00e1k a sz\u00fclet\u00e9snapi tort\u00e1t. (ennival\u00f3t \u00e9s innival\u00f3t a sz\u00fcl\u0151k biztos\u00edtanak. Ter\u00edt\u00e9ket [&hellip;]<\/p>\n","protected":false},"author":1,"featured_media":395,"parent":0,"menu_order":0,"comment_status":"closed","ping_status":"closed","template":"","meta":{"footnotes":""},"class_list":["post-394","page","type-page","status-publish","has-post-thumbnail","czr-hentry"],"_links":{"self":[{"href":"https:\/\/szemlo-hegyi-barlang.hu\/index.php?rest_route=\/wp\/v2\/pages\/394","targetHints":{"allow":["GET"]}}],"collection":[{"href":"https:\/\/szemlo-hegyi-barlang.hu\/index.php?rest_route=\/wp\/v2\/pages"}],"about":[{"href":"https:\/\/szemlo-hegyi-barlang.hu\/index.php?rest_route=\/wp\/v2\/types\/page"}],"author":[{"embeddable":true,"href":"https:\/\/szemlo-hegyi-barlang.hu\/index.php?rest_route=\/wp\/v2\/users\/1"}],"replies":[{"embeddable":true,"href":"https:\/\/szemlo-hegyi-barlang.hu\/index.php?rest_route=%2Fwp%2Fv2%2Fcomments&post=394"}],"version-history":[{"count":3,"href":"https:\/\/szemlo-hegyi-barlang.hu\/index.php?rest_route=\/wp\/v2\/pages\/394\/revisions"}],"predecessor-version":[{"id":561,"href":"https:\/\/szemlo-hegyi-barlang.hu\/index.php?rest_route=\/wp\/v2\/pages\/394\/revisions\/561"}],"wp:featuredmedia":[{"embeddable":true,"href":"https:\/\/szemlo-hegyi-barlang.hu\/index.php?rest_route=\/wp\/v2\/media\/395"}],"wp:attachment":[{"href":"https:\/\/szemlo-hegyi-barlang.hu\/index.php?rest_route=%2Fwp%2Fv2%2Fmedia&parent=394"}],"curies":[{"name":"wp","href":"https:\/\/api.w.org\/{rel}","templated":true}]}}

Barlangi szülinap

<p>Sok szülő szeretné gyermeke születésnapját feledhetetlenné tenni egy olyan programmal, vagy helyszínnel melyről gyermeke még sokáig örömmel mesél a barátainak.</p>
<p>A <u><a href="http://szemlohegyi.hu/">Szemlő-hegyi-barlang</a></u> fogadó-épületében van arra lehetőség, hogy 4-20 fő esetén szülinapi program keretében a gyerekek barlangot látogassanak és a barlangtúra befejezését követően, a fogadóépület külön helyiségében elfogyasszák a születésnapi tortát. (ennivalót és innivalót a szülők biztosítanak. Terítéket adunk) és kincset keressenek a barlangban.</p>
<h3><a href="https://barlangiszulinap.hu/hu/arajanlatkeres">Ajánlat kérés</a></h3>
<p style="text-align: center;"><strong>A program ideje 2 óra.</strong><br />
<strong>A barlang hőmérséklete egész évben 12 C°</strong><br />
<strong>réteges öltözködést kérünk</strong></p>
<p>&nbsp;</p>
<p><a href="https://szemlo-hegyi-barlang.hu/wp-content/uploads/2017/03/szulinap.png"><img loading="lazy" decoding="async" class="wp-image-395 alignright" src="https://szemlo-hegyi-barlang.hu/wp-content/uploads/2017/03/szulinap.png" alt="" width="431" height="287" srcset="https://szemlo-hegyi-barlang.hu/wp-content/uploads/2017/03/szulinap.png 800w, https://szemlo-hegyi-barlang.hu/wp-content/uploads/2017/03/szulinap-300x200.png 300w, https://szemlo-hegyi-barlang.hu/wp-content/uploads/2017/03/szulinap-768x512.png 768w" sizes="auto, (max-width: 431px) 100vw, 431px" /></a></p>
<ul>
<li><strong>5-12 éves </strong>korosztály számára tudunk tartalmas programot nyújtani.</li>
<li>egyszerű díszítést és terítéket az étkezéshez adunk.</li>
<li><strong>kincskeresés </strong>a barlangban. Színes kristályokat rejtünk el a barlangban a gyerekek számának megfelelően.</li>
<li>barlangtúra a biztonságosan kiépített és kivilágított Szemlő-hegyi-barlangban. Utcai ruhában biztonságos betonjárdán, díszvilágítás mellett sétálunk. A szülinapos csapatok külön vezetőt kapnak.</li>
</ul>
<ul>
<li>időpont foglalható  <strong>péntek-szombat és vasárnapra</strong>.</li>
</ul>
<ul>
<li>tudunk programot kínálni 4-6 fő, 8-10 fő esetén is.</li>
</ul>
<ul>
<li>A Szemlő-hegyi-barlang a Duna-Ipoly Nemzeti Park Igazgatóságának hivatalos bemutatóhelye, a rendezvényeket az Igazgatósággal együttműködésben szervezzük.</li>
<li>Környezetvédelmi okból műanyag, eldobható terítéket nálunk nem lehet használni. Saját terítéket adunk, melyet a program végén elmosogatunk.</li>
<li><strong>kúszós-mászós szülinapi</strong> programot is szervezünk a Mátyás-hegyi-barlangszakaszba, 10 éves kortól.</li>
</ul>

<p>Sok szülő szeretné gyermeke születésnapját feledhetetlenné tenni egy olyan programmal, vagy helyszínnel melyről gyermeke még sokáig örömmel mesél a barátainak. A Szemlő-hegyi-barlang fogadó-épületében van arra lehetőség, hogy 4-20 fő esetén szülinapi program keretében a gyerekek barlangot látogassanak és a barlangtúra befejezését követően, a fogadóépület külön helyiségében elfogyasszák a születésnapi tortát. (ennivalót és innivalót a szülők biztosítanak. Terítéket [&hellip;]</p>
