{"id":287,"date":"2016-08-22T12:52:09","date_gmt":"2016-08-22T12:52:09","guid":{"rendered":"https:\/\/szemlo-hegyi-barlang.hu\/?page_id=287"},"modified":"2016-08-22T13:05:00","modified_gmt":"2016-08-22T13:05:00","slug":"mariensaal","status":"publish","type":"page","link":"https:\/\/szemlo-hegyi-barlang.hu\/?page_id=287&lang=de","title":{"rendered":"Mariensaal"},"content":{"rendered":"<p><a href=\"https:\/\/szemlo-hegyi-barlang.hu\/wp-content\/uploads\/2016\/08\/Szeml\u0151-hegyi-barlang-T\u0171-foka_de.jpg\"><img loading=\"lazy\" decoding=\"async\" class=\"size-medium wp-image-301 alignleft\" src=\"https:\/\/szemlo-hegyi-barlang.hu\/wp-content\/uploads\/2016\/08\/Szeml\u0151-hegyi-barlang-T\u0171-foka_de-225x300.jpg\" alt=\"Szeml\u0151-hegyi-barlang-T\u0171-foka_de\" width=\"225\" height=\"300\" srcset=\"https:\/\/szemlo-hegyi-barlang.hu\/wp-content\/uploads\/2016\/08\/Szeml\u0151-hegyi-barlang-T\u0171-foka_de-225x300.jpg 225w, https:\/\/szemlo-hegyi-barlang.hu\/wp-content\/uploads\/2016\/08\/Szeml\u0151-hegyi-barlang-T\u0171-foka_de-768x1023.jpg 768w, https:\/\/szemlo-hegyi-barlang.hu\/wp-content\/uploads\/2016\/08\/Szeml\u0151-hegyi-barlang-T\u0171-foka_de-769x1024.jpg 769w, https:\/\/szemlo-hegyi-barlang.hu\/wp-content\/uploads\/2016\/08\/Szeml\u0151-hegyi-barlang-T\u0171-foka_de.jpg 1170w\" sizes=\"auto, (max-width: 225px) 100vw, 225px\" \/><\/a>Wie es auch von der an der Wand dieses Saales angebrachten Marmortafel verk\u00fcndet wird, hat dieser kleine geschlossene Saal seinen Namen zu Ehren der H\u00f6hlenforscherin M\u00e1ria Sze- kula erhalten. Die Entdecker sind, w\u00e4hrend ihrer Arbeit auf eine Wand gesto\u00dfen, als sie durch den sich daran befindlichen Ritz leuchteten, sahen sie, dass sich die H\u00f6hle in dieser Richtung fortsetzt. M\u00e1ria Szekula war, dank ihrer zierlichen Figur, die Einzige, die durch diese (als Nadel\u00f6hr) bezeichnete kleine \u00d6ffnung, die auch heute zu sehen ist, durchpasste. Aufgrund ihrer Anweisungen hat man die \u00d6ffnung zu einer Gr\u00f6\u00dfe erweitert, damit sie auch f\u00fcr andere begehbar wird und so konnte die Erschlie\u00dfung der weiteren Abschnitte folgen. Der von uns genutzte Durchgang wurde, beim Ausbau der H\u00f6hle, k\u00fcnstlich ge\u00f6ffnet<\/p>\n","protected":false},"excerpt":{"rendered":"<p>Wie es auch von der an der Wand dieses Saales angebrachten Marmortafel verk\u00fcndet wird, hat dieser kleine geschlossene Saal seinen Namen zu Ehren der H\u00f6hlenforscherin M\u00e1ria Sze- kula erhalten. Die Entdecker sind, w\u00e4hrend ihrer Arbeit auf eine Wand gesto\u00dfen, als sie durch den sich daran befindlichen Ritz leuchteten, sahen sie, dass sich die H\u00f6hle in [&hellip;]<\/p>\n","protected":false},"author":1,"featured_media":0,"parent":0,"menu_order":0,"comment_status":"closed","ping_status":"closed","template":"","meta":{"footnotes":""},"class_list":["post-287","page","type-page","status-publish","czr-hentry"],"_links":{"self":[{"href":"https:\/\/szemlo-hegyi-barlang.hu\/index.php?rest_route=\/wp\/v2\/pages\/287","targetHints":{"allow":["GET"]}}],"collection":[{"href":"https:\/\/szemlo-hegyi-barlang.hu\/index.php?rest_route=\/wp\/v2\/pages"}],"about":[{"href":"https:\/\/szemlo-hegyi-barlang.hu\/index.php?rest_route=\/wp\/v2\/types\/page"}],"author":[{"embeddable":true,"href":"https:\/\/szemlo-hegyi-barlang.hu\/index.php?rest_route=\/wp\/v2\/users\/1"}],"replies":[{"embeddable":true,"href":"https:\/\/szemlo-hegyi-barlang.hu\/index.php?rest_route=%2Fwp%2Fv2%2Fcomments&post=287"}],"version-history":[{"count":2,"href":"https:\/\/szemlo-hegyi-barlang.hu\/index.php?rest_route=\/wp\/v2\/pages\/287\/revisions"}],"predecessor-version":[{"id":302,"href":"https:\/\/szemlo-hegyi-barlang.hu\/index.php?rest_route=\/wp\/v2\/pages\/287\/revisions\/302"}],"wp:attachment":[{"href":"https:\/\/szemlo-hegyi-barlang.hu\/index.php?rest_route=%2Fwp%2Fv2%2Fmedia&parent=287"}],"curies":[{"name":"wp","href":"https:\/\/api.w.org\/{rel}","templated":true}]}}

<p><a href="https://szemlo-hegyi-barlang.hu/wp-content/uploads/2016/08/Szemlő-hegyi-barlang-Tű-foka_de.jpg"><img loading="lazy" decoding="async" class="size-medium wp-image-301 alignleft" src="https://szemlo-hegyi-barlang.hu/wp-content/uploads/2016/08/Szemlő-hegyi-barlang-Tű-foka_de-225x300.jpg" alt="Szemlő-hegyi-barlang-Tű-foka_de" width="225" height="300" srcset="https://szemlo-hegyi-barlang.hu/wp-content/uploads/2016/08/Szemlő-hegyi-barlang-Tű-foka_de-225x300.jpg 225w, https://szemlo-hegyi-barlang.hu/wp-content/uploads/2016/08/Szemlő-hegyi-barlang-Tű-foka_de-768x1023.jpg 768w, https://szemlo-hegyi-barlang.hu/wp-content/uploads/2016/08/Szemlő-hegyi-barlang-Tű-foka_de-769x1024.jpg 769w, https://szemlo-hegyi-barlang.hu/wp-content/uploads/2016/08/Szemlő-hegyi-barlang-Tű-foka_de.jpg 1170w" sizes="auto, (max-width: 225px) 100vw, 225px" /></a>Wie es auch von der an der Wand dieses Saales angebrachten Marmortafel verkündet wird, hat dieser kleine geschlossene Saal seinen Namen zu Ehren der Höhlenforscherin Mária Sze- kula erhalten. Die Entdecker sind, während ihrer Arbeit auf eine Wand gestoßen, als sie durch den sich daran befindlichen Ritz leuchteten, sahen sie, dass sich die Höhle in dieser Richtung fortsetzt. Mária Szekula war, dank ihrer zierlichen Figur, die Einzige, die durch diese (als Nadelöhr) bezeichnete kleine Öffnung, die auch heute zu sehen ist, durchpasste. Aufgrund ihrer Anweisungen hat man die Öffnung zu einer Größe erweitert, damit sie auch für andere begehbar wird und so konnte die Erschließung der weiteren Abschnitte folgen. Der von uns genutzte Durchgang wurde, beim Ausbau der Höhle, künstlich geöffnet</p>

<p>Wie es auch von der an der Wand dieses Saales angebrachten Marmortafel verkündet wird, hat dieser kleine geschlossene Saal seinen Namen zu Ehren der Höhlenforscherin Mária Sze- kula erhalten. Die Entdecker sind, während ihrer Arbeit auf eine Wand gestoßen, als sie durch den sich daran befindlichen Ritz leuchteten, sahen sie, dass sich die Höhle in [&hellip;]</p>
