{"id":270,"date":"2016-08-22T12:33:11","date_gmt":"2016-08-22T12:33:11","guid":{"rendered":"https:\/\/szemlo-hegyi-barlang.hu\/?page_id=270"},"modified":"2016-08-22T12:33:49","modified_gmt":"2016-08-22T12:33:49","slug":"eingangsstollen","status":"publish","type":"page","link":"https:\/\/szemlo-hegyi-barlang.hu\/?page_id=270&lang=de","title":{"rendered":"Eingangsstollen"},"content":{"rendered":"<p>Den Besuch der Szeml\u00f6-hegyi-barlang kann man beginnen, indem man den k\u00fcnstlichen, 60 Meter langen, absch\u00fcssigen Stollen hinabsteigt, der von dem in die felsige Bergwand eingef\u00fcgten Empfangsgeb\u00e4ude ausgeht.<\/p>\n","protected":false},"excerpt":{"rendered":"<p>Den Besuch der Szeml\u00f6-hegyi-barlang kann man beginnen, indem man den k\u00fcnstlichen, 60 Meter langen, absch\u00fcssigen Stollen hinabsteigt, der von dem in die felsige Bergwand eingef\u00fcgten Empfangsgeb\u00e4ude ausgeht.<\/p>\n","protected":false},"author":1,"featured_media":0,"parent":0,"menu_order":0,"comment_status":"closed","ping_status":"closed","template":"","meta":{"footnotes":""},"class_list":["post-270","page","type-page","status-publish","czr-hentry"],"_links":{"self":[{"href":"https:\/\/szemlo-hegyi-barlang.hu\/index.php?rest_route=\/wp\/v2\/pages\/270","targetHints":{"allow":["GET"]}}],"collection":[{"href":"https:\/\/szemlo-hegyi-barlang.hu\/index.php?rest_route=\/wp\/v2\/pages"}],"about":[{"href":"https:\/\/szemlo-hegyi-barlang.hu\/index.php?rest_route=\/wp\/v2\/types\/page"}],"author":[{"embeddable":true,"href":"https:\/\/szemlo-hegyi-barlang.hu\/index.php?rest_route=\/wp\/v2\/users\/1"}],"replies":[{"embeddable":true,"href":"https:\/\/szemlo-hegyi-barlang.hu\/index.php?rest_route=%2Fwp%2Fv2%2Fcomments&post=270"}],"version-history":[{"count":2,"href":"https:\/\/szemlo-hegyi-barlang.hu\/index.php?rest_route=\/wp\/v2\/pages\/270\/revisions"}],"predecessor-version":[{"id":272,"href":"https:\/\/szemlo-hegyi-barlang.hu\/index.php?rest_route=\/wp\/v2\/pages\/270\/revisions\/272"}],"wp:attachment":[{"href":"https:\/\/szemlo-hegyi-barlang.hu\/index.php?rest_route=%2Fwp%2Fv2%2Fmedia&parent=270"}],"curies":[{"name":"wp","href":"https:\/\/api.w.org\/{rel}","templated":true}]}}

<p>Den Besuch der Szemlö-hegyi-barlang kann man beginnen, indem man den künstlichen, 60 Meter langen, abschüssigen Stollen hinabsteigt, der von dem in die felsige Bergwand eingefügten Empfangsgebäude ausgeht.</p>
