{"id":181,"date":"2016-08-27T12:58:53","date_gmt":"2016-08-27T12:58:53","guid":{"rendered":"https:\/\/szemlo-hegyi-barlang.hu\/?page_id=181"},"modified":"2026-03-08T15:10:55","modified_gmt":"2026-03-08T15:10:55","slug":"ticketpreise","status":"publish","type":"page","link":"https:\/\/szemlo-hegyi-barlang.hu\/?page_id=181&lang=de","title":{"rendered":"Preise"},"content":{"rendered":"<h1 style=\"text-align: center;\"><b><u>Eintrittspreise<\/u><\/b><\/h1>\n<p>&nbsp;<\/p>\n<p><span style=\"font-size: large;\"><strong>Erwachsene: 3900,- HUF<\/strong><\/span><\/p>\n<p><span style=\"font-size: large;\"><strong>Erm\u00e4\u00dfigt: 2800,- HUF<\/strong><\/span><br \/>\n(Kinder, Sch\u00fcler, Senioren)<\/p>\n<p><span style=\"font-size: large;\"><strong>Kombikarte: 5900,-HUF<\/strong><\/span><br \/>\n(g\u00fcltig f\u00fcr den Besuch der Szeml\u0151-hegyi H\u00f6hle und der P\u00e1l-v\u00f6lgyi H\u00f6hle)<\/p>\n<p><span style=\"font-size: large;\"><strong>Erm\u00e4\u00dfigte Kombikarte: 4700,- HUF<\/strong><\/span><br \/>\n(g\u00fcltig f\u00fcr den Besuch der Szeml\u0151-hegyi H\u00f6hle und der P\u00e1l-v\u00f6lgyi H\u00f6hle)<\/p>\n<p><span style=\"font-size: large;\"><strong>Zu beachten:<\/strong><\/span><\/p>\n<p style=\"font-weight: 400;\">&#8211; Kinder unter 3 Jahren erhalten eine Registrationskarte f\u00fcr 200,- HUF pro Kind<\/p>\n<p style=\"font-weight: 400;\">&#8211; Der Besuch der\u00a0P\u00e1l-v\u00f6lgyi H\u00f6hle (1 km von hier) ist f\u00fcr\u00a0Kinder unter 5 Jahren\u00a0aus Sicherheitsgr\u00fcnden nicht gestattet.<\/p>\n<p style=\"font-weight: 400;\">&#8211; Start der H\u00f6hlentouren in\u00a0der Szeml\u0151-hegyi H\u00f6hle zu jeder vollen Stunde, in der P\u00e1l-v\u00f6lgyi H\u00f6hle jeweils um Viertel nach.<\/p>\n<p style=\"font-weight: 400;\">&#8211; Kassaschluss um 16.00 Uhr.<\/p>\n<p style=\"font-weight: 400;\">&#8211; Absicht einer Bezahlung mit Bankkarte oder mit gro\u00dfen Banknoten und den Bedarf einer Rechnung mit MwSt. (&#8222;\u00c1FA-s sz\u00e1mla&#8221;) bitte <em>vor<\/em>\u00a0dem Zahlen ank\u00fcndigen.<\/p>\n","protected":false},"excerpt":{"rendered":"<p>Eintrittspreise &nbsp; Erwachsene: 3900,- HUF Erm\u00e4\u00dfigt: 2800,- HUF (Kinder, Sch\u00fcler, Senioren) Kombikarte: 5900,-HUF (g\u00fcltig f\u00fcr den Besuch der Szeml\u0151-hegyi H\u00f6hle und der P\u00e1l-v\u00f6lgyi H\u00f6hle) Erm\u00e4\u00dfigte Kombikarte: 4700,- HUF (g\u00fcltig f\u00fcr den Besuch der Szeml\u0151-hegyi H\u00f6hle und der P\u00e1l-v\u00f6lgyi H\u00f6hle) Zu beachten: &#8211; Kinder unter 3 Jahren erhalten eine Registrationskarte f\u00fcr 200,- HUF pro Kind &#8211; [&hellip;]<\/p>\n","protected":false},"author":1,"featured_media":0,"parent":0,"menu_order":0,"comment_status":"closed","ping_status":"closed","template":"","meta":{"footnotes":""},"class_list":["post-181","page","type-page","status-publish","czr-hentry"],"_links":{"self":[{"href":"https:\/\/szemlo-hegyi-barlang.hu\/index.php?rest_route=\/wp\/v2\/pages\/181","targetHints":{"allow":["GET"]}}],"collection":[{"href":"https:\/\/szemlo-hegyi-barlang.hu\/index.php?rest_route=\/wp\/v2\/pages"}],"about":[{"href":"https:\/\/szemlo-hegyi-barlang.hu\/index.php?rest_route=\/wp\/v2\/types\/page"}],"author":[{"embeddable":true,"href":"https:\/\/szemlo-hegyi-barlang.hu\/index.php?rest_route=\/wp\/v2\/users\/1"}],"replies":[{"embeddable":true,"href":"https:\/\/szemlo-hegyi-barlang.hu\/index.php?rest_route=%2Fwp%2Fv2%2Fcomments&post=181"}],"version-history":[{"count":15,"href":"https:\/\/szemlo-hegyi-barlang.hu\/index.php?rest_route=\/wp\/v2\/pages\/181\/revisions"}],"predecessor-version":[{"id":1233,"href":"https:\/\/szemlo-hegyi-barlang.hu\/index.php?rest_route=\/wp\/v2\/pages\/181\/revisions\/1233"}],"wp:attachment":[{"href":"https:\/\/szemlo-hegyi-barlang.hu\/index.php?rest_route=%2Fwp%2Fv2%2Fmedia&parent=181"}],"curies":[{"name":"wp","href":"https:\/\/api.w.org\/{rel}","templated":true}]}}