{"id":167,"date":"2016-08-27T12:58:53","date_gmt":"2016-08-27T12:58:53","guid":{"rendered":"https:\/\/szemlo-hegyi-barlang.hu\/?page_id=167"},"modified":"2026-03-08T15:10:44","modified_gmt":"2026-03-08T15:10:44","slug":"ticket-prices","status":"publish","type":"page","link":"https:\/\/szemlo-hegyi-barlang.hu\/?page_id=167&lang=en","title":{"rendered":"Ticket prices"},"content":{"rendered":"<h1 style=\"text-align: center;\"><strong>Tickets<\/strong><\/h1>\n<p>&nbsp;<\/p>\n<p><span style=\"font-size: large;\"><strong>Single ticket: 3900 Ft<\/strong><\/span><\/p>\n<p><span style=\"font-size: large;\"><strong>Discount ticket: 2800 Ft<\/strong><\/span><br \/>\n(Children, Students with ISIC card)<\/p>\n<p><span style=\"font-size: large;\"><strong>Combinated ticket: 5900 Ft<\/strong><\/span><br \/>\n( Valid for the Szeml\u0151-hegyi and P\u00e1l-v\u00f6lgyi- cave)<\/p>\n<p><span style=\"font-size: large;\"><strong>Combinated discount ticket 4700Ft<\/strong><\/span><br \/>\n(Valid for the Szeml\u0151-hegyi and P\u00e1l-v\u00f6lgyi- caves with ISIC card )<\/p>\n<p>Take notice of the following things:<br \/>\n\u2022 Children under 3 years old can visit the cave with a registrational ticket: 200 HUF<br \/>\n\u2022\u00a0The P\u00e1l-v\u00f6lgyi-cave (the other cave) can only be visited for children older than 5 years old.<br \/>\n\u2022\u00a0Tours start every hour here<br \/>\n\u2022\u00a0At the P\u00e1l-v\u00f6lgyi-cave tours start quarter past every hour<br \/>\n\u2022\u00a0The cassa is open from 10 a.m. to 4 p.m.<br \/>\n\u2022\u00a0Please inform us before buying a ticket, if you would like to pay by card or if you need an invoice.<\/p>\n","protected":false},"excerpt":{"rendered":"<p>Tickets &nbsp; Single ticket: 3900 Ft Discount ticket: 2800 Ft (Children, Students with ISIC card) Combinated ticket: 5900 Ft ( Valid for the Szeml\u0151-hegyi and P\u00e1l-v\u00f6lgyi- cave) Combinated discount ticket 4700Ft (Valid for the Szeml\u0151-hegyi and P\u00e1l-v\u00f6lgyi- caves with ISIC card ) Take notice of the following things: \u2022 Children under 3 years old can [&hellip;]<\/p>\n","protected":false},"author":1,"featured_media":0,"parent":0,"menu_order":0,"comment_status":"closed","ping_status":"closed","template":"","meta":{"footnotes":""},"class_list":["post-167","page","type-page","status-publish","czr-hentry"],"_links":{"self":[{"href":"https:\/\/szemlo-hegyi-barlang.hu\/index.php?rest_route=\/wp\/v2\/pages\/167","targetHints":{"allow":["GET"]}}],"collection":[{"href":"https:\/\/szemlo-hegyi-barlang.hu\/index.php?rest_route=\/wp\/v2\/pages"}],"about":[{"href":"https:\/\/szemlo-hegyi-barlang.hu\/index.php?rest_route=\/wp\/v2\/types\/page"}],"author":[{"embeddable":true,"href":"https:\/\/szemlo-hegyi-barlang.hu\/index.php?rest_route=\/wp\/v2\/users\/1"}],"replies":[{"embeddable":true,"href":"https:\/\/szemlo-hegyi-barlang.hu\/index.php?rest_route=%2Fwp%2Fv2%2Fcomments&post=167"}],"version-history":[{"count":11,"href":"https:\/\/szemlo-hegyi-barlang.hu\/index.php?rest_route=\/wp\/v2\/pages\/167\/revisions"}],"predecessor-version":[{"id":1232,"href":"https:\/\/szemlo-hegyi-barlang.hu\/index.php?rest_route=\/wp\/v2\/pages\/167\/revisions\/1232"}],"wp:attachment":[{"href":"https:\/\/szemlo-hegyi-barlang.hu\/index.php?rest_route=%2Fwp%2Fv2%2Fmedia&parent=167"}],"curies":[{"name":"wp","href":"https:\/\/api.w.org\/{rel}","templated":true}]}}