{"id":162,"date":"2016-08-22T12:55:57","date_gmt":"2016-08-22T12:55:57","guid":{"rendered":"https:\/\/szemlo-hegyi-barlang.hu\/?page_id=162"},"modified":"2016-08-19T17:58:44","modified_gmt":"2016-08-19T17:58:44","slug":"orveny-folyoso","status":"publish","type":"page","link":"https:\/\/szemlo-hegyi-barlang.hu\/?page_id=162&lang=hu","title":{"rendered":"\u00d6rv\u00e9ny-folyos\u00f3"},"content":{"rendered":"<p>Az \u00d3ri\u00e1s Folyos\u00f3n visszafel\u00e9 indulva, a l\u00e9pcs\u0151sor tetej\u00e9n, bal oldalon ny\u00edlik az \u00d6rv\u00e9ny Folyos\u00f3 bej\u00e1rta. Ez a barlang ere\u00addeti bej\u00e1rata, amelyen \u00e1t Kessler Hubert \u00e9s Fut\u00f3 Andr\u00e1s 1930 szeptember\u00e9ben felfedezt\u00e9k a barlangot. A v\u00e1llalkoz\u00f3 szellem\u0171 \u00e9s r\u00e1termett l\u00e1togat\u00f3kat a t\u00faravezet\u0151k n\u00e9ha ezen a nem ki\u00e9p\u00edtett \u00fatvonalon, a barlang eredeti ny\u00edl\u00e1s\u00e1n viszik vissza a felsz\u00ednre<\/p>\n","protected":false},"excerpt":{"rendered":"<p>Az \u00d3ri\u00e1s Folyos\u00f3n visszafel\u00e9 indulva, a l\u00e9pcs\u0151sor tetej\u00e9n, bal oldalon ny\u00edlik az \u00d6rv\u00e9ny Folyos\u00f3 bej\u00e1rta. Ez a barlang ere\u00addeti bej\u00e1rata, amelyen \u00e1t Kessler Hubert \u00e9s Fut\u00f3 Andr\u00e1s 1930 szeptember\u00e9ben felfedezt\u00e9k a barlangot. A v\u00e1llalkoz\u00f3 szellem\u0171 \u00e9s r\u00e1termett l\u00e1togat\u00f3kat a t\u00faravezet\u0151k n\u00e9ha ezen a nem ki\u00e9p\u00edtett \u00fatvonalon, a barlang eredeti ny\u00edl\u00e1s\u00e1n viszik vissza a felsz\u00ednre<\/p>\n","protected":false},"author":1,"featured_media":0,"parent":0,"menu_order":0,"comment_status":"closed","ping_status":"closed","template":"","meta":{"footnotes":""},"class_list":["post-162","page","type-page","status-publish","czr-hentry"],"_links":{"self":[{"href":"https:\/\/szemlo-hegyi-barlang.hu\/index.php?rest_route=\/wp\/v2\/pages\/162","targetHints":{"allow":["GET"]}}],"collection":[{"href":"https:\/\/szemlo-hegyi-barlang.hu\/index.php?rest_route=\/wp\/v2\/pages"}],"about":[{"href":"https:\/\/szemlo-hegyi-barlang.hu\/index.php?rest_route=\/wp\/v2\/types\/page"}],"author":[{"embeddable":true,"href":"https:\/\/szemlo-hegyi-barlang.hu\/index.php?rest_route=\/wp\/v2\/users\/1"}],"replies":[{"embeddable":true,"href":"https:\/\/szemlo-hegyi-barlang.hu\/index.php?rest_route=%2Fwp%2Fv2%2Fcomments&post=162"}],"version-history":[{"count":1,"href":"https:\/\/szemlo-hegyi-barlang.hu\/index.php?rest_route=\/wp\/v2\/pages\/162\/revisions"}],"predecessor-version":[{"id":163,"href":"https:\/\/szemlo-hegyi-barlang.hu\/index.php?rest_route=\/wp\/v2\/pages\/162\/revisions\/163"}],"wp:attachment":[{"href":"https:\/\/szemlo-hegyi-barlang.hu\/index.php?rest_route=%2Fwp%2Fv2%2Fmedia&parent=162"}],"curies":[{"name":"wp","href":"https:\/\/api.w.org\/{rel}","templated":true}]}}

Örvény-folyosó

<p>Az Óriás Folyosón visszafelé indulva, a lépcsősor tetején, bal oldalon nyílik az Örvény Folyosó bejárta. Ez a barlang ere­deti bejárata, amelyen át Kessler Hubert és Futó András 1930 szeptemberében felfedezték a barlangot. A vállalkozó szellemű és rátermett látogatókat a túravezetők néha ezen a nem kiépített útvonalon, a barlang eredeti nyílásán viszik vissza a felszínre</p>
