{"id":156,"date":"2016-08-18T18:36:17","date_gmt":"2016-08-18T18:36:17","guid":{"rendered":"https:\/\/szemlo-hegyi-barlang.hu\/?page_id=156"},"modified":"2016-08-18T18:42:25","modified_gmt":"2016-08-18T18:42:25","slug":"orias-folyoso","status":"publish","type":"page","link":"https:\/\/szemlo-hegyi-barlang.hu\/?page_id=156&lang=hu","title":{"rendered":"\u00d3ri\u00e1s-folyos\u00f3"},"content":{"rendered":"<p><a href=\"https:\/\/szemlo-hegyi-barlang.hu\/wp-content\/uploads\/2014\/03\/Szeml\u0151-hegyi-barlang-Boszork\u00e1ny.jpg\"><img loading=\"lazy\" decoding=\"async\" class=\"size-medium wp-image-31 alignleft\" src=\"https:\/\/szemlo-hegyi-barlang.hu\/wp-content\/uploads\/2014\/03\/Szeml\u0151-hegyi-barlang-Boszork\u00e1ny-300x229.jpg\" alt=\"Szeml\u0151-hegyi-barlang Boszork\u00e1ny\" width=\"300\" height=\"229\" srcset=\"https:\/\/szemlo-hegyi-barlang.hu\/wp-content\/uploads\/2014\/03\/Szeml\u0151-hegyi-barlang-Boszork\u00e1ny-300x229.jpg 300w, https:\/\/szemlo-hegyi-barlang.hu\/wp-content\/uploads\/2014\/03\/Szeml\u0151-hegyi-barlang-Boszork\u00e1ny-1024x784.jpg 1024w, https:\/\/szemlo-hegyi-barlang.hu\/wp-content\/uploads\/2014\/03\/Szeml\u0151-hegyi-barlang-Boszork\u00e1ny.jpg 1089w\" sizes=\"auto, (max-width: 300px) 100vw, 300px\" \/><\/a>Az el\u00e1gaz\u00e1s ut\u00e1n ism\u00e9t tal\u00e1lkozik a k\u00e9t j\u00e1rat. Ekkor \u00e9rkezik t\u00far\u00e1nk egyik legimpoz\u00e1nsabb r\u00e9sz\u00e9hez, a m\u00e9reteir\u0151l h\u00edres \u00d3ri\u00e1s Folyos\u00f3 bej\u00e1rat\u00e1hoz. Az erk\u00e9ly szer\u0171 t\u00e9ren meg\u00e1llva szemben egy ijeszt\u0151 Boszork\u00e1nyfej hatalmas orra r\u00e9miszt meg benn\u00fcn\u00adket, oldalt pedig egy hal\u00e1lfej ijesztgeti a l\u00e1togat\u00f3kat.<\/p>\n<p>&nbsp;<\/p>\n","protected":false},"excerpt":{"rendered":"<p>Az el\u00e1gaz\u00e1s ut\u00e1n ism\u00e9t tal\u00e1lkozik a k\u00e9t j\u00e1rat. Ekkor \u00e9rkezik t\u00far\u00e1nk egyik legimpoz\u00e1nsabb r\u00e9sz\u00e9hez, a m\u00e9reteir\u0151l h\u00edres \u00d3ri\u00e1s Folyos\u00f3 bej\u00e1rat\u00e1hoz. Az erk\u00e9ly szer\u0171 t\u00e9ren meg\u00e1llva szemben egy ijeszt\u0151 Boszork\u00e1nyfej hatalmas orra r\u00e9miszt meg benn\u00fcn\u00adket, oldalt pedig egy hal\u00e1lfej ijesztgeti a l\u00e1togat\u00f3kat. &nbsp;<\/p>\n","protected":false},"author":1,"featured_media":0,"parent":0,"menu_order":0,"comment_status":"closed","ping_status":"closed","template":"","meta":{"footnotes":""},"class_list":["post-156","page","type-page","status-publish","czr-hentry"],"_links":{"self":[{"href":"https:\/\/szemlo-hegyi-barlang.hu\/index.php?rest_route=\/wp\/v2\/pages\/156","targetHints":{"allow":["GET"]}}],"collection":[{"href":"https:\/\/szemlo-hegyi-barlang.hu\/index.php?rest_route=\/wp\/v2\/pages"}],"about":[{"href":"https:\/\/szemlo-hegyi-barlang.hu\/index.php?rest_route=\/wp\/v2\/types\/page"}],"author":[{"embeddable":true,"href":"https:\/\/szemlo-hegyi-barlang.hu\/index.php?rest_route=\/wp\/v2\/users\/1"}],"replies":[{"embeddable":true,"href":"https:\/\/szemlo-hegyi-barlang.hu\/index.php?rest_route=%2Fwp%2Fv2%2Fcomments&post=156"}],"version-history":[{"count":2,"href":"https:\/\/szemlo-hegyi-barlang.hu\/index.php?rest_route=\/wp\/v2\/pages\/156\/revisions"}],"predecessor-version":[{"id":233,"href":"https:\/\/szemlo-hegyi-barlang.hu\/index.php?rest_route=\/wp\/v2\/pages\/156\/revisions\/233"}],"wp:attachment":[{"href":"https:\/\/szemlo-hegyi-barlang.hu\/index.php?rest_route=%2Fwp%2Fv2%2Fmedia&parent=156"}],"curies":[{"name":"wp","href":"https:\/\/api.w.org\/{rel}","templated":true}]}}

Óriás-folyosó

<p><a href="https://szemlo-hegyi-barlang.hu/wp-content/uploads/2014/03/Szemlő-hegyi-barlang-Boszorkány.jpg"><img loading="lazy" decoding="async" class="size-medium wp-image-31 alignleft" src="https://szemlo-hegyi-barlang.hu/wp-content/uploads/2014/03/Szemlő-hegyi-barlang-Boszorkány-300x229.jpg" alt="Szemlő-hegyi-barlang Boszorkány" width="300" height="229" srcset="https://szemlo-hegyi-barlang.hu/wp-content/uploads/2014/03/Szemlő-hegyi-barlang-Boszorkány-300x229.jpg 300w, https://szemlo-hegyi-barlang.hu/wp-content/uploads/2014/03/Szemlő-hegyi-barlang-Boszorkány-1024x784.jpg 1024w, https://szemlo-hegyi-barlang.hu/wp-content/uploads/2014/03/Szemlő-hegyi-barlang-Boszorkány.jpg 1089w" sizes="auto, (max-width: 300px) 100vw, 300px" /></a>Az elágazás után ismét találkozik a két járat. Ekkor érkezik túránk egyik legimpozánsabb részéhez, a méreteiről híres Óriás Folyosó bejáratához. Az erkély szerű téren megállva szemben egy ijesztő Boszorkányfej hatalmas orra rémiszt meg bennün­ket, oldalt pedig egy halálfej ijesztgeti a látogatókat.</p>
<p>&nbsp;</p>

<p>Az elágazás után ismét találkozik a két járat. Ekkor érkezik túránk egyik legimpozánsabb részéhez, a méreteiről híres Óriás Folyosó bejáratához. Az erkély szerű téren megállva szemben egy ijesztő Boszorkányfej hatalmas orra rémiszt meg bennün­ket, oldalt pedig egy halálfej ijesztgeti a látogatókat. &nbsp;</p>
