{"id":150,"date":"2016-08-22T12:58:52","date_gmt":"2016-08-22T12:58:52","guid":{"rendered":"https:\/\/szemlo-hegyi-barlang.hu\/?page_id=150"},"modified":"2016-08-19T17:59:01","modified_gmt":"2016-08-19T17:59:01","slug":"pottyos-terem","status":"publish","type":"page","link":"https:\/\/szemlo-hegyi-barlang.hu\/?page_id=150&lang=hu","title":{"rendered":"P\u00f6tty\u00f6s-terem"},"content":{"rendered":"<p class=\"Szvegtrzs1\" style=\"margin-bottom: 9.0pt; background: transparent;\">Az alag\u00faton \u00e1tb\u00fajva, majd oldalra pillantva egy term\u00e9szetes \u00e1l\u00adlapot\u00e1ban meghagyott termet lehet l\u00e1tni. Itt j\u00f3l megfigyelhet\u0151, milyen omlad\u00e9kos, agyagos volt a barlang alja a ki\u00e9p\u00edt\u00e9s el\u0151tt. A falakon \u00e9lesen kirajzol\u00f3dnak a g\u00f6mbf\u00fclk\u00e9nek nevezett, h\u00e9v\u00edz \u00e1ltal l\u00e9trehozott old\u00e1sform\u00e1k \u00e9s a benn\u00fck l\u00e9v\u0151, a rendk\u00edv\u00fcli ha\u00adsonl\u00f3s\u00e1g miatt karfiolnak nevezett \u00e1sv\u00e1nykiv\u00e1l\u00e1sok.<\/p>\n","protected":false},"excerpt":{"rendered":"<p>Az alag\u00faton \u00e1tb\u00fajva, majd oldalra pillantva egy term\u00e9szetes \u00e1l\u00adlapot\u00e1ban meghagyott termet lehet l\u00e1tni. Itt j\u00f3l megfigyelhet\u0151, milyen omlad\u00e9kos, agyagos volt a barlang alja a ki\u00e9p\u00edt\u00e9s el\u0151tt. A falakon \u00e9lesen kirajzol\u00f3dnak a g\u00f6mbf\u00fclk\u00e9nek nevezett, h\u00e9v\u00edz \u00e1ltal l\u00e9trehozott old\u00e1sform\u00e1k \u00e9s a benn\u00fck l\u00e9v\u0151, a rendk\u00edv\u00fcli ha\u00adsonl\u00f3s\u00e1g miatt karfiolnak nevezett \u00e1sv\u00e1nykiv\u00e1l\u00e1sok.<\/p>\n","protected":false},"author":1,"featured_media":0,"parent":0,"menu_order":0,"comment_status":"closed","ping_status":"closed","template":"","meta":{"footnotes":""},"class_list":["post-150","page","type-page","status-publish","czr-hentry"],"_links":{"self":[{"href":"https:\/\/szemlo-hegyi-barlang.hu\/index.php?rest_route=\/wp\/v2\/pages\/150","targetHints":{"allow":["GET"]}}],"collection":[{"href":"https:\/\/szemlo-hegyi-barlang.hu\/index.php?rest_route=\/wp\/v2\/pages"}],"about":[{"href":"https:\/\/szemlo-hegyi-barlang.hu\/index.php?rest_route=\/wp\/v2\/types\/page"}],"author":[{"embeddable":true,"href":"https:\/\/szemlo-hegyi-barlang.hu\/index.php?rest_route=\/wp\/v2\/users\/1"}],"replies":[{"embeddable":true,"href":"https:\/\/szemlo-hegyi-barlang.hu\/index.php?rest_route=%2Fwp%2Fv2%2Fcomments&post=150"}],"version-history":[{"count":1,"href":"https:\/\/szemlo-hegyi-barlang.hu\/index.php?rest_route=\/wp\/v2\/pages\/150\/revisions"}],"predecessor-version":[{"id":151,"href":"https:\/\/szemlo-hegyi-barlang.hu\/index.php?rest_route=\/wp\/v2\/pages\/150\/revisions\/151"}],"wp:attachment":[{"href":"https:\/\/szemlo-hegyi-barlang.hu\/index.php?rest_route=%2Fwp%2Fv2%2Fmedia&parent=150"}],"curies":[{"name":"wp","href":"https:\/\/api.w.org\/{rel}","templated":true}]}}

Pöttyös-terem

<p class="Szvegtrzs1" style="margin-bottom: 9.0pt; background: transparent;">Az alagúton átbújva, majd oldalra pillantva egy természetes ál­lapotában meghagyott termet lehet látni. Itt jól megfigyelhető, milyen omladékos, agyagos volt a barlang alja a kiépítés előtt. A falakon élesen kirajzolódnak a gömbfülkének nevezett, hévíz által létrehozott oldásformák és a bennük lévő, a rendkívüli ha­sonlóság miatt karfiolnak nevezett ásványkiválások.</p>

<p>Az alagúton átbújva, majd oldalra pillantva egy természetes ál­lapotában meghagyott termet lehet látni. Itt jól megfigyelhető, milyen omladékos, agyagos volt a barlang alja a kiépítés előtt. A falakon élesen kirajzolódnak a gömbfülkének nevezett, hévíz által létrehozott oldásformák és a bennük lévő, a rendkívüli ha­sonlóság miatt karfiolnak nevezett ásványkiválások.</p>
