{"id":143,"date":"2016-08-22T12:33:11","date_gmt":"2016-08-22T12:33:11","guid":{"rendered":"https:\/\/szemlo-hegyi-barlang.hu\/?page_id=143"},"modified":"2016-08-19T17:56:17","modified_gmt":"2016-08-19T17:56:17","slug":"bejarati-taro","status":"publish","type":"page","link":"https:\/\/szemlo-hegyi-barlang.hu\/?page_id=143&lang=hu","title":{"rendered":"Bej\u00e1rati t\u00e1r\u00f3"},"content":{"rendered":"<p class=\"Szvegtrzs1\" style=\"margin-bottom: 9.0pt; background: transparent;\">A Szeml\u0151-hegyi-barlang megismer\u00e9s\u00e9t a szikl\u00e1s hegyoldalba s\u00fcllyesztett fogad\u00f3\u00e9p\u00fcletb\u0151l ny\u00edl\u00f3, 60 m\u00e9ter hossz\u00fa, lejt\u0151s, mesters\u00e9ges t\u00e1r\u00f3n leereszkedve kezdhetj\u00fck meg.<\/p>\n","protected":false},"excerpt":{"rendered":"<p>A Szeml\u0151-hegyi-barlang megismer\u00e9s\u00e9t a szikl\u00e1s hegyoldalba s\u00fcllyesztett fogad\u00f3\u00e9p\u00fcletb\u0151l ny\u00edl\u00f3, 60 m\u00e9ter hossz\u00fa, lejt\u0151s, mesters\u00e9ges t\u00e1r\u00f3n leereszkedve kezdhetj\u00fck meg.<\/p>\n","protected":false},"author":1,"featured_media":0,"parent":0,"menu_order":0,"comment_status":"closed","ping_status":"closed","template":"","meta":{"footnotes":""},"class_list":["post-143","page","type-page","status-publish","czr-hentry"],"_links":{"self":[{"href":"https:\/\/szemlo-hegyi-barlang.hu\/index.php?rest_route=\/wp\/v2\/pages\/143","targetHints":{"allow":["GET"]}}],"collection":[{"href":"https:\/\/szemlo-hegyi-barlang.hu\/index.php?rest_route=\/wp\/v2\/pages"}],"about":[{"href":"https:\/\/szemlo-hegyi-barlang.hu\/index.php?rest_route=\/wp\/v2\/types\/page"}],"author":[{"embeddable":true,"href":"https:\/\/szemlo-hegyi-barlang.hu\/index.php?rest_route=\/wp\/v2\/users\/1"}],"replies":[{"embeddable":true,"href":"https:\/\/szemlo-hegyi-barlang.hu\/index.php?rest_route=%2Fwp%2Fv2%2Fcomments&post=143"}],"version-history":[{"count":1,"href":"https:\/\/szemlo-hegyi-barlang.hu\/index.php?rest_route=\/wp\/v2\/pages\/143\/revisions"}],"predecessor-version":[{"id":144,"href":"https:\/\/szemlo-hegyi-barlang.hu\/index.php?rest_route=\/wp\/v2\/pages\/143\/revisions\/144"}],"wp:attachment":[{"href":"https:\/\/szemlo-hegyi-barlang.hu\/index.php?rest_route=%2Fwp%2Fv2%2Fmedia&parent=143"}],"curies":[{"name":"wp","href":"https:\/\/api.w.org\/{rel}","templated":true}]}}

Bejárati táró

<p class="Szvegtrzs1" style="margin-bottom: 9.0pt; background: transparent;">A Szemlő-hegyi-barlang megismerését a sziklás hegyoldalba süllyesztett fogadóépületből nyíló, 60 méter hosszú, lejtős, mesterséges tárón leereszkedve kezdhetjük meg.</p>

<p>A Szemlő-hegyi-barlang megismerését a sziklás hegyoldalba süllyesztett fogadóépületből nyíló, 60 méter hosszú, lejtős, mesterséges tárón leereszkedve kezdhetjük meg.</p>
