{"id":128,"date":"2016-08-22T07:46:22","date_gmt":"2016-08-22T07:46:22","guid":{"rendered":"https:\/\/szemlo-hegyi-barlang.hu\/?page_id=128"},"modified":"2016-08-19T17:57:32","modified_gmt":"2016-08-19T17:57:32","slug":"hosszu-folyoso","status":"publish","type":"page","link":"https:\/\/szemlo-hegyi-barlang.hu\/?page_id=128&lang=hu","title":{"rendered":"Hossz\u00fa-folyos\u00f3"},"content":{"rendered":"<p><a href=\"https:\/\/szemlo-hegyi-barlang.hu\/wp-content\/uploads\/2014\/03\/Szeml\u0151-hegyi-barlang-Hossz\u00fa-folyos\u00f3.jpg\"><img loading=\"lazy\" decoding=\"async\" class=\"size-medium wp-image-22 alignleft\" src=\"https:\/\/szemlo-hegyi-barlang.hu\/wp-content\/uploads\/2014\/03\/Szeml\u0151-hegyi-barlang-Hossz\u00fa-folyos\u00f3-300x225.jpg\" alt=\"Szeml\u0151-hegyi-barlang Hossz\u00fa-folyos\u00f3\" width=\"300\" height=\"225\" srcset=\"https:\/\/szemlo-hegyi-barlang.hu\/wp-content\/uploads\/2014\/03\/Szeml\u0151-hegyi-barlang-Hossz\u00fa-folyos\u00f3-300x225.jpg 300w, https:\/\/szemlo-hegyi-barlang.hu\/wp-content\/uploads\/2014\/03\/Szeml\u0151-hegyi-barlang-Hossz\u00fa-folyos\u00f3-1024x768.jpg 1024w, https:\/\/szemlo-hegyi-barlang.hu\/wp-content\/uploads\/2014\/03\/Szeml\u0151-hegyi-barlang-Hossz\u00fa-folyos\u00f3.jpg 1168w\" sizes=\"auto, (max-width: 300px) 100vw, 300px\" \/><\/a>Ebbe az impoz\u00e1ns, magasba t\u00f6r\u0151 falakkal \u00f6vezett folyos\u00f3ba l\u00e9pve tanulm\u00e1nyozhatjuk azokat a hatalmas hasad\u00e9kokat, re\u00adped\u00e9seket, amelyeket az \u00fcregeket egykor kit\u00f6lt\u0151 nagy old\u00f3 hat\u00e1s\u00fa keveredett karsztvizek hatalmas j\u00e1ratrendszerekk\u00e9, barlangokk\u00e1 t\u00e1g\u00edtottak. A falakon k\u00fcl\u00f6nb\u00f6z\u0151 magass\u00e1gokban megfigyelhet\u0151 kalcit lemez k\u00e9k el\u0151sz\u00f6r a h\u00e9vizek felsz\u00edn\u00e9n v\u00e9kony m\u00e9szh\u00e1rtyak\u00e9nt v\u00e1ltak ki. Vastags\u00e1guk folyamatosan n\u0151tt, ez\u00e9rt v\u00e9g\u00fcl a barlang alj\u00e1ra s\u00fcllyedtek \u00e9s ott felhalmoz\u00f3d\u00adtak. K\u00e9s\u0151bb, a v\u00edzszint cs\u00f6kken\u00e9sekor keletkezett bors\u00f3k\u00f6vek rak\u00f3dtak r\u00e1juk<\/p>\n","protected":false},"excerpt":{"rendered":"<p>Ebbe az impoz\u00e1ns, magasba t\u00f6r\u0151 falakkal \u00f6vezett folyos\u00f3ba l\u00e9pve tanulm\u00e1nyozhatjuk azokat a hatalmas hasad\u00e9kokat, re\u00adped\u00e9seket, amelyeket az \u00fcregeket egykor kit\u00f6lt\u0151 nagy old\u00f3 hat\u00e1s\u00fa keveredett karsztvizek hatalmas j\u00e1ratrendszerekk\u00e9, barlangokk\u00e1 t\u00e1g\u00edtottak. A falakon k\u00fcl\u00f6nb\u00f6z\u0151 magass\u00e1gokban megfigyelhet\u0151 kalcit lemez k\u00e9k el\u0151sz\u00f6r a h\u00e9vizek felsz\u00edn\u00e9n v\u00e9kony m\u00e9szh\u00e1rtyak\u00e9nt v\u00e1ltak ki. Vastags\u00e1guk folyamatosan n\u0151tt, ez\u00e9rt v\u00e9g\u00fcl a barlang alj\u00e1ra s\u00fcllyedtek \u00e9s [&hellip;]<\/p>\n","protected":false},"author":1,"featured_media":0,"parent":0,"menu_order":0,"comment_status":"closed","ping_status":"closed","template":"","meta":{"footnotes":""},"class_list":["post-128","page","type-page","status-publish","czr-hentry"],"_links":{"self":[{"href":"https:\/\/szemlo-hegyi-barlang.hu\/index.php?rest_route=\/wp\/v2\/pages\/128","targetHints":{"allow":["GET"]}}],"collection":[{"href":"https:\/\/szemlo-hegyi-barlang.hu\/index.php?rest_route=\/wp\/v2\/pages"}],"about":[{"href":"https:\/\/szemlo-hegyi-barlang.hu\/index.php?rest_route=\/wp\/v2\/types\/page"}],"author":[{"embeddable":true,"href":"https:\/\/szemlo-hegyi-barlang.hu\/index.php?rest_route=\/wp\/v2\/users\/1"}],"replies":[{"embeddable":true,"href":"https:\/\/szemlo-hegyi-barlang.hu\/index.php?rest_route=%2Fwp%2Fv2%2Fcomments&post=128"}],"version-history":[{"count":1,"href":"https:\/\/szemlo-hegyi-barlang.hu\/index.php?rest_route=\/wp\/v2\/pages\/128\/revisions"}],"predecessor-version":[{"id":129,"href":"https:\/\/szemlo-hegyi-barlang.hu\/index.php?rest_route=\/wp\/v2\/pages\/128\/revisions\/129"}],"wp:attachment":[{"href":"https:\/\/szemlo-hegyi-barlang.hu\/index.php?rest_route=%2Fwp%2Fv2%2Fmedia&parent=128"}],"curies":[{"name":"wp","href":"https:\/\/api.w.org\/{rel}","templated":true}]}}

Hosszú-folyosó

<p><a href="https://szemlo-hegyi-barlang.hu/wp-content/uploads/2014/03/Szemlő-hegyi-barlang-Hosszú-folyosó.jpg"><img loading="lazy" decoding="async" class="size-medium wp-image-22 alignleft" src="https://szemlo-hegyi-barlang.hu/wp-content/uploads/2014/03/Szemlő-hegyi-barlang-Hosszú-folyosó-300x225.jpg" alt="Szemlő-hegyi-barlang Hosszú-folyosó" width="300" height="225" srcset="https://szemlo-hegyi-barlang.hu/wp-content/uploads/2014/03/Szemlő-hegyi-barlang-Hosszú-folyosó-300x225.jpg 300w, https://szemlo-hegyi-barlang.hu/wp-content/uploads/2014/03/Szemlő-hegyi-barlang-Hosszú-folyosó-1024x768.jpg 1024w, https://szemlo-hegyi-barlang.hu/wp-content/uploads/2014/03/Szemlő-hegyi-barlang-Hosszú-folyosó.jpg 1168w" sizes="auto, (max-width: 300px) 100vw, 300px" /></a>Ebbe az impozáns, magasba törő falakkal övezett folyosóba lépve tanulmányozhatjuk azokat a hatalmas hasadékokat, re­pedéseket, amelyeket az üregeket egykor kitöltő nagy oldó hatású keveredett karsztvizek hatalmas járatrendszerekké, barlangokká tágítottak. A falakon különböző magasságokban megfigyelhető kalcit lemez kék először a hévizek felszínén vékony mészhártyaként váltak ki. Vastagságuk folyamatosan nőtt, ezért végül a barlang aljára süllyedtek és ott felhalmozód­tak. Később, a vízszint csökkenésekor keletkezett borsókövek rakódtak rájuk</p>

<p>Ebbe az impozáns, magasba törő falakkal övezett folyosóba lépve tanulmányozhatjuk azokat a hatalmas hasadékokat, re­pedéseket, amelyeket az üregeket egykor kitöltő nagy oldó hatású keveredett karsztvizek hatalmas járatrendszerekké, barlangokká tágítottak. A falakon különböző magasságokban megfigyelhető kalcit lemez kék először a hévizek felszínén vékony mészhártyaként váltak ki. Vastagságuk folyamatosan nőtt, ezért végül a barlang aljára süllyedtek és [&hellip;]</p>
