{"id":116,"date":"2016-08-22T12:52:09","date_gmt":"2016-08-22T12:52:09","guid":{"rendered":"https:\/\/szemlo-hegyi-barlang.hu\/?page_id=116"},"modified":"2016-08-22T13:04:07","modified_gmt":"2016-08-22T13:04:07","slug":"maria-terem","status":"publish","type":"page","link":"https:\/\/szemlo-hegyi-barlang.hu\/?page_id=116&lang=hu","title":{"rendered":"M\u00e1ria-terem"},"content":{"rendered":"<p><a href=\"https:\/\/szemlo-hegyi-barlang.hu\/wp-content\/uploads\/2016\/08\/Szeml\u0151-hegyi-barlang-T\u0171-foka.jpg\"><img loading=\"lazy\" decoding=\"async\" class=\"size-medium wp-image-297 alignleft\" src=\"https:\/\/szemlo-hegyi-barlang.hu\/wp-content\/uploads\/2016\/08\/Szeml\u0151-hegyi-barlang-T\u0171-foka-225x300.jpg\" alt=\"Szeml\u0151-hegyi-barlang-T\u0171-foka\" width=\"225\" height=\"300\" srcset=\"https:\/\/szemlo-hegyi-barlang.hu\/wp-content\/uploads\/2016\/08\/Szeml\u0151-hegyi-barlang-T\u0171-foka-225x300.jpg 225w, https:\/\/szemlo-hegyi-barlang.hu\/wp-content\/uploads\/2016\/08\/Szeml\u0151-hegyi-barlang-T\u0171-foka-768x1023.jpg 768w, https:\/\/szemlo-hegyi-barlang.hu\/wp-content\/uploads\/2016\/08\/Szeml\u0151-hegyi-barlang-T\u0171-foka-769x1024.jpg 769w, https:\/\/szemlo-hegyi-barlang.hu\/wp-content\/uploads\/2016\/08\/Szeml\u0151-hegyi-barlang-T\u0171-foka.jpg 1170w\" sizes=\"auto, (max-width: 225px) 100vw, 225px\" \/><\/a>Mint azt a terem fal\u00e1n elhelyezett m\u00e1rv\u00e1nyt\u00e1bla is hirdeti, ez a kis z\u00e1rt terem Szekula M\u00e1ria barlangkutat\u00f3 tisztelet\u00e9re kapta a nev\u00e9t. A felfedez\u0151k munk\u00e1juk sor\u00e1n egy falba \u00fctk\u00f6ztek, \u00e1m a rajta l\u00e9v\u0151 r\u00e9sbe bevil\u00e1g\u00edtva l\u00e1tt\u00e1k, hogy ebben az ir\u00e1nyban foly\u00adtat\u00f3dik a barlang. Szekula M\u00e1ria volt az egyetlen, aki t\u00f6r\u00e9keny termet\u00e9nek k\u00f6sz\u00f6nhet\u0151en \u00e1tf\u00e9rt azon a T\u0171-fok\u00e1nak elnevezett kis ny\u00edl\u00e1son, ami ma is l\u00e1that\u00f3. Az \u0151 \u00fatmutat\u00e1sai alapj\u00e1n m\u00e1sok sz\u00e1m\u00e1ra is j\u00e1rhat\u00f3 m\u00e9ret\u0171v\u00e9 t\u00e1g\u00edtott\u00e1k a ny\u00edl\u00e1st, \u00edgy folytat\u00f3dhatott a tov\u00e1bbi szakaszok felt\u00e1r\u00e1sa. Az \u00e1ltalunk haszn\u00e1lt \u00e1tj\u00e1r\u00f3t a barlang ki\u00e9p\u00edt\u00e9sekor mesters\u00e9gesen nyitott\u00e1k.<\/p>\n","protected":false},"excerpt":{"rendered":"<p>Mint azt a terem fal\u00e1n elhelyezett m\u00e1rv\u00e1nyt\u00e1bla is hirdeti, ez a kis z\u00e1rt terem Szekula M\u00e1ria barlangkutat\u00f3 tisztelet\u00e9re kapta a nev\u00e9t. A felfedez\u0151k munk\u00e1juk sor\u00e1n egy falba \u00fctk\u00f6ztek, \u00e1m a rajta l\u00e9v\u0151 r\u00e9sbe bevil\u00e1g\u00edtva l\u00e1tt\u00e1k, hogy ebben az ir\u00e1nyban foly\u00adtat\u00f3dik a barlang. Szekula M\u00e1ria volt az egyetlen, aki t\u00f6r\u00e9keny termet\u00e9nek k\u00f6sz\u00f6nhet\u0151en \u00e1tf\u00e9rt azon a T\u0171-fok\u00e1nak [&hellip;]<\/p>\n","protected":false},"author":1,"featured_media":0,"parent":0,"menu_order":0,"comment_status":"closed","ping_status":"closed","template":"","meta":{"footnotes":""},"class_list":["post-116","page","type-page","status-publish","czr-hentry"],"_links":{"self":[{"href":"https:\/\/szemlo-hegyi-barlang.hu\/index.php?rest_route=\/wp\/v2\/pages\/116","targetHints":{"allow":["GET"]}}],"collection":[{"href":"https:\/\/szemlo-hegyi-barlang.hu\/index.php?rest_route=\/wp\/v2\/pages"}],"about":[{"href":"https:\/\/szemlo-hegyi-barlang.hu\/index.php?rest_route=\/wp\/v2\/types\/page"}],"author":[{"embeddable":true,"href":"https:\/\/szemlo-hegyi-barlang.hu\/index.php?rest_route=\/wp\/v2\/users\/1"}],"replies":[{"embeddable":true,"href":"https:\/\/szemlo-hegyi-barlang.hu\/index.php?rest_route=%2Fwp%2Fv2%2Fcomments&post=116"}],"version-history":[{"count":3,"href":"https:\/\/szemlo-hegyi-barlang.hu\/index.php?rest_route=\/wp\/v2\/pages\/116\/revisions"}],"predecessor-version":[{"id":298,"href":"https:\/\/szemlo-hegyi-barlang.hu\/index.php?rest_route=\/wp\/v2\/pages\/116\/revisions\/298"}],"wp:attachment":[{"href":"https:\/\/szemlo-hegyi-barlang.hu\/index.php?rest_route=%2Fwp%2Fv2%2Fmedia&parent=116"}],"curies":[{"name":"wp","href":"https:\/\/api.w.org\/{rel}","templated":true}]}}

Mária-terem

<p><a href="https://szemlo-hegyi-barlang.hu/wp-content/uploads/2016/08/Szemlő-hegyi-barlang-Tű-foka.jpg"><img loading="lazy" decoding="async" class="size-medium wp-image-297 alignleft" src="https://szemlo-hegyi-barlang.hu/wp-content/uploads/2016/08/Szemlő-hegyi-barlang-Tű-foka-225x300.jpg" alt="Szemlő-hegyi-barlang-Tű-foka" width="225" height="300" srcset="https://szemlo-hegyi-barlang.hu/wp-content/uploads/2016/08/Szemlő-hegyi-barlang-Tű-foka-225x300.jpg 225w, https://szemlo-hegyi-barlang.hu/wp-content/uploads/2016/08/Szemlő-hegyi-barlang-Tű-foka-768x1023.jpg 768w, https://szemlo-hegyi-barlang.hu/wp-content/uploads/2016/08/Szemlő-hegyi-barlang-Tű-foka-769x1024.jpg 769w, https://szemlo-hegyi-barlang.hu/wp-content/uploads/2016/08/Szemlő-hegyi-barlang-Tű-foka.jpg 1170w" sizes="auto, (max-width: 225px) 100vw, 225px" /></a>Mint azt a terem falán elhelyezett márványtábla is hirdeti, ez a kis zárt terem Szekula Mária barlangkutató tiszteletére kapta a nevét. A felfedezők munkájuk során egy falba ütköztek, ám a rajta lévő résbe bevilágítva látták, hogy ebben az irányban foly­tatódik a barlang. Szekula Mária volt az egyetlen, aki törékeny termetének köszönhetően átfért azon a Tű-fokának elnevezett kis nyíláson, ami ma is látható. Az ő útmutatásai alapján mások számára is járható méretűvé tágították a nyílást, így folytatódhatott a további szakaszok feltárása. Az általunk használt átjárót a barlang kiépítésekor mesterségesen nyitották.</p>

<p>Mint azt a terem falán elhelyezett márványtábla is hirdeti, ez a kis zárt terem Szekula Mária barlangkutató tiszteletére kapta a nevét. A felfedezők munkájuk során egy falba ütköztek, ám a rajta lévő résbe bevilágítva látták, hogy ebben az irányban foly­tatódik a barlang. Szekula Mária volt az egyetlen, aki törékeny termetének köszönhetően átfért azon a Tű-fokának [&hellip;]</p>
